{"id":1062,"date":"2018-07-19T12:45:32","date_gmt":"2018-07-19T12:45:32","guid":{"rendered":"http:\/\/www.mokandanisman.com\/?page_id=1062"},"modified":"2019-01-17T21:56:47","modified_gmt":"2019-01-17T21:56:47","slug":"telkin-yontemi-ile-zayiflama","status":"publish","type":"page","link":"http:\/\/www.mokandanisman.com\/?page_id=1062","title":{"rendered":"TELK\u0130N Y\u00d6NTEM\u0130 \u0130LE ZAYIFLAMA"},"content":{"rendered":"<p>[vc_row][vc_column][vc_separator css=&#8221;.vc_custom_1547762166595{margin-top: 0px !important;margin-bottom: 0px !important;border-top-width: 0px !important;border-bottom-width: 0px !important;padding-top: 10px !important;padding-bottom: 30px !important;}&#8221;][vc_column_text]<\/p>\n<h2>Telkin Y\u00f6ntemi ile Zay\u0131flama<\/h2>\n<p>[\/vc_column_text][vc_separator css=&#8221;.vc_custom_1547762166595{margin-top: 0px !important;margin-bottom: 0px !important;border-top-width: 0px !important;border-bottom-width: 0px !important;padding-top: 10px !important;padding-bottom: 30px !important;}&#8221;][vc_single_image image=&#8221;864&#8243; img_size=&#8221;medium&#8221; alignment=&#8221;center&#8221; style=&#8221;vc_box_shadow_3d&#8221;][\/vc_column][\/vc_row][vc_row][vc_column][vc_tta_accordion style=&#8221;modern&#8221; active_section=&#8221;1&#8243;][vc_tta_section title=&#8221;TELK\u0130N&#8221; tab_id=&#8221;1532003209892-0113d9fa-3d10&#8243;][vc_column_text]Bilin\u00e7alt\u0131 t\u00fcm organlar\u0131n orkestra \u015fefi gibidir. Hangi organ\u0131n hangi tonda hangi h\u0131zda \u00e7al\u0131\u015faca\u011f\u0131n\u0131 i\u015faret eden.. Bilin\u00e7alt\u0131 ana y\u00f6netim bilgisayar\u0131 oldu\u011fu i\u00e7in, ona verilen kodlar\u0131 harfiyen uygular, sorgulamaks\u0131z\u0131n.. Ya\u011f yakma h\u0131z\u0131 art\u0131r\u0131larak, ya\u011f yak\u0131c\u0131 etkenlerle, mide k\u00fc\u00e7\u00fcltme prosesleriyle, h\u0131zla kilo verilmektedir.<\/p>\n<p>[\/vc_column_text][\/vc_tta_section][vc_tta_section title=&#8221;KALICILI\u011eI&#8221; tab_id=&#8221;1532003209906-b962f832-7e5d&#8221;][vc_column_text]Zay\u0131flama hikayelerinde, h\u0131zl\u0131 kilo vermekten de \u00f6te esas k\u0131ymetli olan, verilen kilonun korunmas\u0131d\u0131r..&nbsp; \u00c7\u00fcnk\u00fc bilin\u00e7alt\u0131 kodlamalar\u0131 ile kilo verildi\u011fi i\u00e7in o kodlar s\u00fcreklili\u011fi sa\u011flamaktad\u0131r.<\/p>\n<p>Yemek ile mutlulu\u011fu ba\u011fda\u015ft\u0131ran anlay\u0131\u015flar, psikolojik travmalar ile beslenme al\u0131\u015fkanl\u0131\u011f\u0131 de\u011fi\u015fiklikleri ve 0-6 ya\u015fta kilo ile ba\u011fda\u015ft\u0131r\u0131lan kal\u0131plar, bilin\u00e7siz olarak kendini veya \u00e7evrendeki cezanland\u0131rma g\u00fcd\u00fcs\u00fc bile kilo vermeyi g\u00fc\u00e7le\u015ftirdi\u011fi gibi engelleyebilir. Bu s\u00fcre\u00e7te telkin y\u00f6ntemi daha etkin ve uzun soluklu \u00e7\u00f6z\u00fcmler sunabilmektedir.[\/vc_column_text][\/vc_tta_section][vc_tta_section title=&#8221;BA\u015eARI&#8221; tab_id=&#8221;1532003813612-2d02b62d-06cd&#8221;][vc_column_text]Ba\u015far\u0131 oran\u0131 y\u00fcksek bu y\u00f6ntemde bilimsel normlara ve sa\u011fl\u0131k standartlar\u0131 ayk\u0131r\u0131 bir uygulama yap\u0131lmamaktad\u0131r. Di\u011fer programlarda oldu\u011fu gibi 4-6 kilo ge\u00e7ilmez ve d\u00fczenli diyet, ya\u011f \u00f6l\u00e7\u00fcm\u00fc ve dan\u0131\u015fan\u0131n mutlulu\u011fu \u00f6n plandad\u0131r. Fark\u0131l\u0131k dan\u0131\u015fan\u0131n daha rahat olmas\u0131, i\u015ftah\u0131n\u0131n olmamas\u0131 ve kal\u0131plar\u0131n k\u0131r\u0131lmas\u0131 nedeniyle kal\u0131c\u0131l\u0131\u011f\u0131n\u0131n fazla olmas\u0131d\u0131r. Bu programda diyetisyen ile haftal\u0131k ya\u011f \u00f6l\u00e7\u00fcm\u00fc ve g\u00f6r\u00fc\u015fmeler yap\u0131l\u0131r.<\/p>\n<p>[\/vc_column_text][\/vc_tta_section][\/vc_tta_accordion][\/vc_column][\/vc_row]<\/p>\n","protected":false},"excerpt":{"rendered":"<p>[vc_row][vc_column][vc_separator css=&#8221;.vc_custom_1547762166595{margin-top: 0px !important;margin-bottom: 0px !important;border-top-width: 0px !important;border-bottom-width: 0px !important;padding-top: 10px !important;padding-bottom: 30px !important;}&#8221;][vc_column_text] Telkin Y\u00f6ntemi ile Zay\u0131flama [\/vc_column_text][vc_separator css=&#8221;.vc_custom_1547762166595{margin-top: 0px !important;margin-bottom: 0px !important;border-top-width: 0px !important;border-bottom-width: 0px !important;padding-top: 10px !important;padding-bottom:&hellip;<\/p>\n","protected":false},"author":1,"featured_media":0,"parent":0,"menu_order":0,"comment_status":"closed","ping_status":"closed","template":"","meta":[],"_links":{"self":[{"href":"http:\/\/www.mokandanisman.com\/index.php?rest_route=\/wp\/v2\/pages\/1062"}],"collection":[{"href":"http:\/\/www.mokandanisman.com\/index.php?rest_route=\/wp\/v2\/pages"}],"about":[{"href":"http:\/\/www.mokandanisman.com\/index.php?rest_route=\/wp\/v2\/types\/page"}],"author":[{"embeddable":true,"href":"http:\/\/www.mokandanisman.com\/index.php?rest_route=\/wp\/v2\/users\/1"}],"replies":[{"embeddable":true,"href":"http:\/\/www.mokandanisman.com\/index.php?rest_route=%2Fwp%2Fv2%2Fcomments&post=1062"}],"version-history":[{"count":7,"href":"http:\/\/www.mokandanisman.com\/index.php?rest_route=\/wp\/v2\/pages\/1062\/revisions"}],"predecessor-version":[{"id":1163,"href":"http:\/\/www.mokandanisman.com\/index.php?rest_route=\/wp\/v2\/pages\/1062\/revisions\/1163"}],"wp:attachment":[{"href":"http:\/\/www.mokandanisman.com\/index.php?rest_route=%2Fwp%2Fv2%2Fmedia&parent=1062"}],"curies":[{"name":"wp","href":"https:\/\/api.w.org\/{rel}","templated":true}]}}